{"id":3,"date":"2022-12-21T10:18:53","date_gmt":"2022-12-21T10:18:53","guid":{"rendered":"http:\/\/teste.ger-portugal.com\/?page_id=3"},"modified":"2023-05-05T13:52:50","modified_gmt":"2023-05-05T13:52:50","slug":"politica-privacidade","status":"publish","type":"page","link":"https:\/\/www.ger-portugal.com\/?page_id=3","title":{"rendered":"Pol\u00edtica de privacidade"},"content":{"rendered":"\r\n<p>Este documento descreve as pr\u00e1ticas referentes \u00e0 pol\u00edtica de privacidade do GER \u2013 Grupo de Estudos da Retina, para este site. Ao utilizar este Site o utilizador concorda com as nossas pr\u00e1ticas de privacidade. Caso discorde das nossas pr\u00e1ticas de privacidade n\u00e3o utilize este Site nem realize o download de qualquer material dele proveniente.<br \/>A actualiza\u00e7\u00e3o das nossas pr\u00e1ticas de privacidade podem ser efectuadas sempre que entendermos e desde j\u00e1 nos reservamos o direito de efectuar altera\u00e7\u00f5es sem que quaisquer alertas sejam efectuados nesse sentido. O utilizador deve visitar esta p\u00e1gina regularmente (periodicidade mensal) para verificar se as nossas pr\u00e1ticas de privacidade est\u00e3o em vigor. Todas as actualiza\u00e7\u00f5es ser\u00e3o publicadas neste site. A continua\u00e7\u00e3o do uso deste Site implica a aceita\u00e7\u00e3o destes termos.<u><\/u><u><\/u><\/p>\r\n<p>\u00a0<u><\/u><u><\/u><strong>A SUA PRIVACIDADE<\/strong><u><\/u><u><\/u><\/p>\r\n<p><strong>Uso de Informa\u00e7\u00f5es de Identifica\u00e7\u00e3o Pessoal<\/strong><u><\/u><u><\/u><\/p>\r\n<p>De um modo geral \u00e9 poss\u00edvel visitar este Site sem revelar qualquer informa\u00e7\u00e3o de car\u00e1cter pessoal.<br \/>Existe uma \u00e1rea de login exclusiva somente para elementos do GER e SPO. Para entrar nessas \u00e0reas de acesso restrito poder\u00e3o ser solicitados alguns dados pessoais<br \/>&#8211; Os dados de acesso do GER foram cedidos pelo administrador do site (username e password, esta pode ser alterada posteriormente e a qualquer altura no site), os \u00fanicos dados que ficam dispon\u00edveis para consulta do GER e SPO, s\u00e3o os nomes das equipa do GER, email e local onde trabalham.<br \/>&#8211; Os elementos do SPO, para terem acesso a \u00e1rea restrita de algumas partes do site do GER, ter\u00e3o que aceder ao mesmo, atrav\u00e9s do link que o site do SPO disponibiliza na \u00e1rea restrita (estes membros n\u00e3o cedem qualquer tipo de informa\u00e7\u00e3o pessoal).<br \/>O GER garante a todos os utilizadores deste site que nenhum dado pessoal ser\u00e1 alterado ou facultado a terceiros sem o pr\u00e9vio consentimento do seu titular, no caso de este usar os formul\u00e1rios do site para contacto connosco.<br \/>Nenhum dos dados pessoais que nos seja confiado ser\u00e1 facultado, por via gratuita ou comercial, a empresas de &#8220;marketing&#8221; directo ou outras entidades que utilizem listas de &#8220;mailing&#8221; para publicidade dos seus produtos e\/ou servi\u00e7os.<u><\/u><u><\/u><\/p>\r\n<p>A prote\u00e7\u00e3o da privacidade e dos dados pessoais \u00e9 uma prioridade para o GER e um claro compromisso assumido por n\u00f3s.<u><\/u><u><\/u><\/p>\r\n<p>Esta pol\u00edtica diz respeito \u00e0s pr\u00e1ticas de privacidade dos portais e s\u00edtios online geridos pelo GER.<br \/>O GER, no \u00e2mbito da sua atividade, necessita de recolher regularmente alguns dados pessoais.<br \/>Quaisquer dados pessoais que nos forne\u00e7a ser\u00e3o tratados com as garantias de seguran\u00e7a e confidencialidade exigidas pelo enquadramento legal relativo \u00e0 prote\u00e7\u00e3o de dados pessoais.<u><\/u><u><\/u><\/p>\r\n<p>O tratamento dos seus dados \u00e9 feito no cumprimento da legisla\u00e7\u00e3o sobre a prote\u00e7\u00e3o de dados pessoais. Esses dados ser\u00e3o sujeitos a tratamento inform\u00e1tico, ficar\u00e3o na base de dados do GER e destinam-se ao registo, opera\u00e7\u00f5es estat\u00edsticas, informa\u00e7\u00e3o institucional, etc.<br \/>Os dados fornecidos n\u00e3o ser\u00e3o transferidos para terceiros sem o seu consentimento pr\u00e9vio, mas podem ser usados dentro do GER ou por outra entidade atuando como agente do GER para fins de processamento ou correio.<br \/>O fornecimento dos dados \u00e9 facultativo e \u00e9 garantido, nos termos da lei, o direito de acesso, retifica\u00e7\u00e3o ou anula\u00e7\u00e3o de qualquer dado que lhe diga respeito, por via escrita, para o endere\u00e7o de e-mail:\u00a0<a href=\"mailto:secretariado.ger@gmail.com\" target=\"_blank\" rel=\"noopener\">secretariado.ger@<wbr \/>gmail.com<\/a>.<u><\/u><u><\/u><\/p>\r\n<p>\u00a0<u><\/u><u><\/u><strong>Privacidade<\/strong><u><\/u><u><\/u><\/p>\r\n<p>O GER respeita o seu direito \u00e0 privacidade e n\u00e3o recolhe neste s\u00edtio qualquer informa\u00e7\u00e3o pessoal sobre si sem o seu pedido ou consentimento expl\u00edcito.<u><\/u><u><\/u><\/p>\r\n<p>A intera\u00e7\u00e3o com os s\u00edtios do GER n\u00e3o exige qualquer informa\u00e7\u00e3o do utilizador, salvo quando, para prop\u00f3sitos expressamente identificados, o registo seja declarado necess\u00e1rio e seja por aquele autorizado.\u00a0<u><\/u><u><\/u><\/p>\r\n<p>\u00a0<u><\/u><u><\/u><strong>Respons\u00e1vel pelo Tratamento<\/strong><u><\/u><u><\/u><\/p>\r\n<p>O GER enquanto respons\u00e1vel pelo tratamento de dados:<br \/>\u2022 Assegura que o tratamento dos seus dados pessoais \u00e9 efetuado apenas no \u00e2mbito das finalidades para as quais os mesmos foram recolhidos ou para finalidades compat\u00edveis com aquelas;<br \/>\u2022 Recolhe, utiliza e conserva apenas os dados pessoais m\u00ednimos, necess\u00e1rios e suficientes para a finalidade em causa;<br \/>\u2022 N\u00e3o procede a qualquer transmiss\u00e3o de dados pessoais para fins comerciais ou de publicidade;<br \/>\u2022 Trata os dados pessoais para fins legalmente previstos ou para a prossecu\u00e7\u00e3o de servi\u00e7os online a seu pedido.<u><\/u><u><\/u><\/p>\r\n<p>\u00a0<u><\/u><u><\/u><strong>Acesso e controlo dos Dados Pessoais<\/strong><u><\/u><u><\/u><\/p>\r\n<p>Possibilitamos, a seu pedido, o acesso, a retifica\u00e7\u00e3o e o apagamento dos dados pessoais. Tem tamb\u00e9m o direito de se opor ao processamento dos seus dados pessoais.<br \/>Tem, ainda, o direito de retirar o consentimento, sem comprometer a validade do tratamento de dados efetuado at\u00e9 esse momento.<br \/>Atrav\u00e9s do email\u00a0<a href=\"mailto:secretariado.ger@gmail.com\" target=\"_blank\" rel=\"noopener\">secretariado.ger@gmail.com<\/a>\u00a0pode solicitar:<br \/>\u2022 Informa\u00e7\u00e3o acerca dos seus dados;<br \/>\u2022 Informa\u00e7\u00e3o acerca do processamento;<br \/>\u2022 A finalidade subjacente ao tratamento;<br \/>\u2022 A corre\u00e7\u00e3o, ou atualiza\u00e7\u00e3o, de algum dado;<br \/>\u2022 Os seus dados num formato aberto;<br \/>\u2022 O apagamento dos dados, o que prejudicar\u00e1, neste caso, futuros tratamentos.<u><\/u><u><\/u><\/p>\r\n<p>\u00a0<u><\/u><u><\/u><strong>Arquivo de Dados Pessoais<\/strong><u><\/u><u><\/u><\/p>\r\n<p>Os seus dados pessoais s\u00e3o conservados pelo GER pelo per\u00edodo estritamente necess\u00e1rio ao tratamento, de acordo com a finalidade respetiva.<u><\/u><u><\/u><\/p>\r\n<p>\u00a0<u><\/u><u><\/u><strong>Altera\u00e7\u00e3o \u00e0 pol\u00edtica de seguran\u00e7a e privacidade<\/strong><u><\/u><u><\/u><\/p>\r\n<p>Os presentes Termos e Condi\u00e7\u00f5es, que dever\u00e1 ler atentamente, poder\u00e3o ser alterados, considerando-se que as altera\u00e7\u00f5es entram em vigor a partir da data da sua coloca\u00e7\u00e3o neste s\u00edtio, fazendo-se expressa refer\u00eancia \u00e0 data de atualiza\u00e7\u00e3o.<u><\/u><u><\/u><\/p>\r\n<p>\u00a0<u><\/u><strong>LINKS PARA SITES TERCEIROS<\/strong><u><\/u><u><\/u><\/p>\r\n<p>O GER compromete-se a apenas colocar no seu site links destinados \u00e0 divulga\u00e7\u00e3o de produtos e servi\u00e7os de utilidade p\u00fablica e profissional.<br \/>Neste Site pode haver links para empresas com as quais tenhamos rela\u00e7\u00f5es. O GER n\u00e3o \u00e9 respons\u00e1vel pelas pr\u00e1ticas de privacidade destes parceiros comerciais. Sugerimos que leia atentamente as declara\u00e7\u00f5es de privacidade destas empresas, j\u00e1 que elas podem diferir das nossas.<u><\/u><u><\/u><\/p>\r\n<p>Todo o utilizador deste site est\u00e1 vinculado \u00e0 aceita\u00e7\u00e3o e respeito pelas condi\u00e7\u00f5es aqui expressas.<br \/>Perguntas referentes a esta Declara\u00e7\u00e3o da Pol\u00edtica de Privacidade devem ser enviadas para o nosso email, dispon\u00edvel na \u00e1rea de contactos.<u><\/u><u><\/u><\/p>\r\n<p>\u00a0<u><\/u><u><\/u>Julho de 2019<\/p>\r\n","protected":false},"excerpt":{"rendered":"<p>Este documento descreve as pr\u00e1ticas referentes \u00e0 pol\u00edtica de privacidade do GER \u2013 Grupo de Estudos da Retina, para este site. Ao utilizar este Site o utilizador concorda com as nossas pr\u00e1ticas de privacidade. Caso discorde das nossas pr\u00e1ticas de privacidade n\u00e3o utilize este Site nem realize o download de qualquer material dele proveniente.A actualiza\u00e7\u00e3o [&hellip;]<\/p>\n","protected":false},"author":1,"featured_media":0,"parent":0,"menu_order":0,"comment_status":"closed","ping_status":"open","template":"","meta":{"footnotes":""},"class_list":["post-3","page","type-page","status-publish","hentry"],"_links":{"self":[{"href":"https:\/\/www.ger-portugal.com\/index.php?rest_route=\/wp\/v2\/pages\/3","targetHints":{"allow":["GET"]}}],"collection":[{"href":"https:\/\/www.ger-portugal.com\/index.php?rest_route=\/wp\/v2\/pages"}],"about":[{"href":"https:\/\/www.ger-portugal.com\/index.php?rest_route=\/wp\/v2\/types\/page"}],"author":[{"embeddable":true,"href":"https:\/\/www.ger-portugal.com\/index.php?rest_route=\/wp\/v2\/users\/1"}],"replies":[{"embeddable":true,"href":"https:\/\/www.ger-portugal.com\/index.php?rest_route=%2Fwp%2Fv2%2Fcomments&post=3"}],"version-history":[{"count":1,"href":"https:\/\/www.ger-portugal.com\/index.php?rest_route=\/wp\/v2\/pages\/3\/revisions"}],"predecessor-version":[{"id":12110,"href":"https:\/\/www.ger-portugal.com\/index.php?rest_route=\/wp\/v2\/pages\/3\/revisions\/12110"}],"wp:attachment":[{"href":"https:\/\/www.ger-portugal.com\/index.php?rest_route=%2Fwp%2Fv2%2Fmedia&parent=3"}],"curies":[{"name":"wp","href":"https:\/\/api.w.org\/{rel}","templated":true}]}}